{"version":"1.0","provider_name":"Casa Interior","provider_url":"https:\/\/casa-interior.com\/es\/","author_name":"niribas","author_url":"https:\/\/casa-interior.com\/es\/author\/niribas\/","title":"Casa Interior - Blog - Octubre 2017 - K\u00fcchentime en nuestra exposici\u00f3n.","type":"rich","width":600,"height":338,"html":"<blockquote class=\"wp-embedded-content\" data-secret=\"6tGzOtOKh2\"><a href=\"https:\/\/casa-interior.com\/es\/2017\/10\/01\/kuchentime-en-nuestra-exposicion-de-altea\/\">K\u00fcchentime en nuestra exposici\u00f3n de Altea<\/a><\/blockquote><iframe sandbox=\"allow-scripts\" security=\"restricted\" src=\"https:\/\/casa-interior.com\/es\/2017\/10\/01\/kuchentime-en-nuestra-exposicion-de-altea\/embed\/#?secret=6tGzOtOKh2\" width=\"600\" height=\"338\" title=\"\u00abK\u00fcchentime en nuestra exposici\u00f3n de Altea\u00bb \u2014 Casa Interior\" data-secret=\"6tGzOtOKh2\" frameborder=\"0\" marginwidth=\"0\" marginheight=\"0\" scrolling=\"no\" class=\"wp-embedded-content\"><\/iframe><script type=\"text\/javascript\">\n\/* <![CDATA[ *\/\n\/*! This file is auto-generated *\/\n!function(d,l){\"use strict\";l.querySelector&&d.addEventListener&&\"undefined\"!=typeof URL&&(d.wp=d.wp||{},d.wp.receiveEmbedMessage||(d.wp.receiveEmbedMessage=function(e){var t=e.data;if((t||t.secret||t.message||t.value)&&!\/[^a-zA-Z0-9]\/.test(t.secret)){for(var s,r,n,a=l.querySelectorAll('iframe[data-secret=\"'+t.secret+'\"]'),o=l.querySelectorAll('blockquote[data-secret=\"'+t.secret+'\"]'),c=new RegExp(\"^https?:$\",\"i\"),i=0;i<o.length;i++)o[i].style.display=\"none\";for(i=0;i<a.length;i++)s=a[i],e.source===s.contentWindow&&(s.removeAttribute(\"style\"),\"height\"===t.message?(1e3<(r=parseInt(t.value,10))?r=1e3:~~r<200&&(r=200),s.height=r):\"link\"===t.message&&(r=new URL(s.getAttribute(\"src\")),n=new URL(t.value),c.test(n.protocol))&&n.host===r.host&&l.activeElement===s&&(d.top.location.href=t.value))}},d.addEventListener(\"message\",d.wp.receiveEmbedMessage,!1),l.addEventListener(\"DOMContentLoaded\",function(){for(var e,t,s=l.querySelectorAll(\"iframe.wp-embedded-content\"),r=0;r<s.length;r++)(t=(e=s[r]).getAttribute(\"data-secret\"))||(t=Math.random().toString(36).substring(2,12),e.src+=\"#?secret=\"+t,e.setAttribute(\"data-secret\",t)),e.contentWindow.postMessage({message:\"ready\",secret:t},\"*\")},!1)))}(window,document);\n\/\/# sourceURL=https:\/\/casa-interior.com\/wp-includes\/js\/wp-embed.min.js\n\/* ]]> *\/\n<\/script>\n","thumbnail_url":"https:\/\/casa-interior.com\/wp-content\/uploads\/2018\/03\/2.jpg","thumbnail_width":1280,"thumbnail_height":754,"description":"Tenemos el placer de mostrarles nuestra nueva cocina de exposici\u00f3n en nuestra tienda de Altea. Nos hemos decidido por un estilo moderno, del que estamos muy orgullosos. La cocina est\u00e1 dividida en tres partes: La primera es la de trabajo, con la encimera, el fregadero, la placa de inducci\u00f3n etc, la segunda es la de almacenaje con las columnas, el horno y microondas; y la tercera es la isla con un gran mueble de cajones y una mesa auxiliar."}

Casa Interior - Blog - Octubre 2017 - Küchentime en nuestra exposición.

<blockquote class="wp-embedded-content" data-secret="6tGzOtOKh2"><a href="https://casa-interior.com/es/2017/10/01/kuchentime-en-nuestra-exposicion-de-altea/">Küchentime en nuestra exposición de Altea</a></blockquote><iframe sandbox="allow-scripts" security="restricted" src="https://casa-interior.com/es/2017/10/01/kuchentime-en-nuestra-exposicion-de-altea/embed/#?secret=6tGzOtOKh2" width="600" height="338" title="«Küchentime en nuestra exposición de Altea» — Casa Interior" data-secret="6tGzOtOKh2" frameborder="0" marginwidth="0" marginheight="0" scrolling="no" class="wp-embedded-content"></iframe><script type="text/javascript">
/* <![CDATA[ */
/*! This file is auto-generated */
!function(d,l){"use strict";l.querySelector&&d.addEventListener&&"undefined"!=typeof URL&&(d.wp=d.wp||{},d.wp.receiveEmbedMessage||(d.wp.receiveEmbedMessage=function(e){var t=e.data;if((t||t.secret||t.message||t.value)&&!/[^a-zA-Z0-9]/.test(t.secret)){for(var s,r,n,a=l.querySelectorAll('iframe[data-secret="'+t.secret+'"]'),o=l.querySelectorAll('blockquote[data-secret="'+t.secret+'"]'),c=new RegExp("^https?:$","i"),i=0;i<o.length;i++)o[i].style.display="none";for(i=0;i<a.length;i++)s=a[i],e.source===s.contentWindow&&(s.removeAttribute("style"),"height"===t.message?(1e3<(r=parseInt(t.value,10))?r=1e3:~~r<200&&(r=200),s.height=r):"link"===t.message&&(r=new URL(s.getAttribute("src")),n=new URL(t.value),c.test(n.protocol))&&n.host===r.host&&l.activeElement===s&&(d.top.location.href=t.value))}},d.addEventListener("message",d.wp.receiveEmbedMessage,!1),l.addEventListener("DOMContentLoaded",function(){for(var e,t,s=l.querySelectorAll("iframe.wp-embedded-content"),r=0;r<s.length;r++)(t=(e=s[r]).getAttribute("data-secret"))||(t=Math.random().toString(36).substring(2,12),e.src+="#?secret="+t,e.setAttribute("data-secret",t)),e.contentWindow.postMessage({message:"ready",secret:t},"*")},!1)))}(window,document);
//# sourceURL=https://casa-interior.com/wp-includes/js/wp-embed.min.js
/* ]]> */
</script>

Tenemos el placer de mostrarles nuestra nueva cocina de exposición en nuestra tienda de Altea. Nos hemos decidido por un estilo moderno, del que estamos muy orgullosos. La cocina está dividida en tres partes: La primera es la de trabajo, con la encimera, el fregadero, la placa de inducción etc, la segunda es la de almacenaje con las columnas, el horno y microondas; y la tercera es la isla con un gran mueble de cajones y una mesa auxiliar.
